he greatest common divisor of a and 132.
12
Suppose -3*l + 16 = -2. Let y be 0/(-2 + 2 + 2). Suppose -j - n + 18 = 5, 4*j - 2*n - 64 = y. What is the greatest common divisor of l and j?
3
Let j be (2/(-3))/(8/(-12)). What is the greatest common factor of j and 5?
1
Suppose -2*f = 2*f - 132. What is the greatest common divisor of f and 11?
11
Let j = -42 - -22. Let d be 206/10 - 8/j. Calculate the greatest common divisor of 189 and d.
21
Let y(f) = 3*f**2 + 5*f - f + f**2. Let s be y(4). Let h be (8/(-3))/(-4)*15. Calculate the greatest common divisor of h and s.
10
Let r(u) be the third derivative of u**5/60 + u**4/6 + 5*u**3/6 - 3*u**2. Let y be r(-4). Calculate the greatest common factor of y and 2.
1
Let q be 32/12*(-2 + 8). Suppose 0*p - 5*p = -320. What is the highest common factor of q and p?
16
Let a = -291 + 444. Suppose 0 = -28*y + 31*y - 51. What is the highest common divisor of a and y?
17
Let r be (14 - (-6 - -3)) + 3. Let l be (4/3)/(1/36). Suppose -l - r = -4*n. What is the greatest common divisor of n and 17?
17
Let w(n) = n**2 + 8*n + 9. Let b be w(-8). What is the greatest common divisor of b and 27?
9
Let z = -2 - -5. What is the greatest common divisor of z and 3?
3
Let y = -26 + 30. Calculate the highest common divisor of 44 and y.
4
Let p be 354/4*(-4)/6. Let q = -29 - p. Suppose -5*i + 45 = 5*t, -t + 6 = 2*i - 9. Calculate the greatest common factor of i and q.
6
Let d(n) = 2*n**3 - 2*n + 3. Let c be d(2). Let m(z) = 8*z**2 + 9*z - 5. Let r be m(6). Let l = -232 + r. Calculate the greatest common divisor of c and l.
15
Let p(l) = -l**2 - 12*l - 6. Let i be p(-9). What is the highest common factor of i and 105?
21
Let y be (-2)/((-16)/6)*768/16. Calculate the highest common factor of y and 90.
18
Let b(f) = f**2 - f - 18. Let r be b(6). Calculate the greatest common divisor of 18 and r.
6
Let s(r) = r**2 - 16*r + 12. Let o be s(16). What is the greatest common divisor of 108 and o?
12
Let a be (-144)/(-14) + 36/(-126). What is the greatest common factor of a and 40?
10
Let t(a) = a**3 - 2*a**2 + 2*a - 1. Let x(f) = -f**2 + 12*f - 8. Let k be x(11). Let b be t(k). Calculate the highest common factor of 21 and b.
7
Let f be 14 - (1 + -1)/(-1). Suppose -2*a = -a - 35. What is the highest common factor of a and f?
7
Let y = -1 + 2. Let f = y + 0. Suppose -4*x + 23 = 5*p, -5*p - 3*x + 2*x + 17 = 0. Calculate the greatest common divisor of f and p.
1
Let i(k) = -k**2 + 18*k - 9. Let w be i(11). What is the highest common divisor of 34 and w?
34
Let t = -22 - -134. Let q be 17 + (-1 - 0)/1. Calculate the highest common factor of t and q.
16
Suppose 2*z = 5 + 1. Calculate the highest common divisor of z and 33.
3
Let t be 12*(1 - (-2)/(-4)). Let c be t/10*1*5. Calculate the highest common divisor of 33 and c.
3
Suppose -78 = -4*o + 26. What is the greatest common factor of o and 26?
26
Let z be 1/(-4) - (-21)/(-12). Let d be (99/6)/((-1)/z). What is the highest common divisor of d and 11?
11
Let m be ((-3)/1)/((-3)/32). Let v(s) = s**2 - s + 2. Let c be v(2). Calculate the highest common divisor of c and m.
4
Let d(l) = -l**3 - 3*l**2 - 4*l - 10. Let r be d(-5). Calculate the highest common divisor of r and 40.
20
Let k(n) = n + 12. Let a be k(-5). Suppose -i = 2*i - 21. Calculate the highest common divisor of i and a.
7
Let g(a) = -75*a - 3. Let r be g(-4). Let t be 825/(-25)*(-2 - -1). Calculate the greatest common divisor of r and t.
33
Suppose 0*c + c = 0, -2*z = -2*c + 64. Let n = z + 48. Calculate the greatest common divisor of 4 and n.
4
Let d = 20 + -2. Suppose -5*f + 8 = 2*u, 2 = -3*f - 4. Suppose b + 37 + u = 4*s, 4*b + 16 = 2*s. What is the highest common divisor of s and d?
6
Suppose 0 = -t + 6*t - 50. Let o be (-2)/5 - (-14)/t. What is the greatest common factor of 4 and o?
1
Suppose -4*a + 20 = 0, -n + 4*a = 3*n - 8. Let k be (2/n)/((-1)/(-7)). Calculate the greatest common factor of k and 2.
2
Let b(l) = 11*l**3 + l**2 - 3*l - 3. Let n be b(-2). Let j = n + 166. Calculate the greatest common divisor of j and 17.
17
Suppose -v = z - 4, -v + 4*v = 3*z - 24. Calculate the highest common divisor of z and 24.
6
Let c(i) = 6*i**2 + 3*i - 3. Suppose -5*o + 27 = -4*w, -5*w - 6 = 2*o + 3. Let q be c(w). Calculate the greatest common factor of 14 and q.
14
Let t(u) = -u**2 - 9*u. Let b be t(-5). Suppose r - 3 = -5*v, -2*r = 2*r - 5*v - 37. What is the highest common divisor of r and b?
4
Let v = 30 - 2. What is the greatest common factor of v and 4?
4
Suppose 0 = -0*n + 5*n - 210. Let l(i) = i + 42. Let b be l(-14). Calculate the highest common divisor of b and n.
14
Let s(m) = 64*m**3 - m**2 + m. Let x be s(1). Calculate the highest common divisor of x and 8.
8
Let g(u) = 10*u - 1. Let c be g(1). Calculate the highest common factor of c and 3.
3
Let u = 32 + 22. Let a = 41 - 28. Let l = a - 7. Calculate the greatest common factor of l and u.
6
Let u be 4/10*(104 - -1). Suppose 2*f = -2*d - 3*f - 10, -3*f = -4*d - 72. Let v be (u/d)/((-2)/40). What is the greatest common divisor of 8 and v?
8
Suppose 5*w + 44 = 3*b, -w - 4 = -3*b + 36. Let h = -92 - -209. What is the highest common factor of b and h?
13
Suppose -2*s = -5*w - 86, -4*s - 5*w = s - 215. Suppose 3*a - 50 = s. Calculate the greatest common factor of 31 and a.
31
Let a(j) = -8 + 3*j - 2*j**2 + 3*j**2 + 0*j**2 + j. Let r be a(-8). Calculate the greatest common factor of 120 and r.
24
Suppose -4*y + 3*c + 65 = -40, 4*y + 2*c - 110 = 0. Calculate the highest common divisor of 9 and y.
9
Let s(p) = p**3 - 9*p**2 + 10*p - 12. Let x be s(8). What is the highest common factor of 10 and x?
2
Let w(q) = 6*q + 6. Let d be w(-3). Let t = 26 + d. What is the highest common divisor of t and 14?
14
Suppose 4*r = -16, -3*h = 2*h - 4*r - 71. What is the highest common divisor of 99 and h?
11
Suppose 5*a + 2*j - 268 = 0, -2*j - 252 = -2*a - 3*a. What is the greatest common factor of 4 and a?
4
Let q = 69 + 39. What is the greatest common divisor of q and 12?
12
Suppose -9*h = -11*h - 74. Let q = -106 - -48. Let p = h - q. What is the highest common factor of p and 105?
21
Let q(a) = a**2 + 7*a + 4. Let m be q(-8). Let h = 18 - m. Calculate the greatest common factor of 6 and h.
6
Let b(g) = -2*g. Suppose 7*n = 2*n - 10. Let y be b(n). Suppose y = 4*s - 24. What is the greatest common factor of s and 49?
7
Let c be 50/4*(-8)/(-10). What is the highest common factor of c and 5?
5
Let j be (24/10)/(10/25). Let h = j - -15. Suppose -2*u + 5*o = -0*o - 48, -3*o + 58 = 5*u. Calculate the highest common factor of u and h.
7
Let i(u) = -u**3 - 11*u**2 + 10*u - 16. Suppose 3 = -b, 0 = -4*s + 4*b - 14 - 22. Let w be i(s). What is the highest common factor of 24 and w?
8
Let n(a) = a**3 + 5*a**2 + 4*a - 3. Let l be n(-4). Let b be (l/(-2))/((-3)/(-6)). Suppose b*c + 2*c - 595 = 0. What is the greatest common factor of 17 and c?
17
Suppose -z - 4*h + 20 = 0, -2*z + 3*h + 29 = -0*h. What is the greatest common factor of z and 64?
16
Let a = 19 + -7. Suppose 2*l - 3*l - a = -5*r, -l - 2*r = -2. Let s be 8/(l + 48/21). Calculate the greatest common divisor of 14 and s.
14
Suppose 5*x - 1874 = -719. Suppose -63 = -3*z - 3*k + 4*k, 0 = 2*z + 2*k - 42. What is the highest common divisor of x and z?
21
Let t(o) = o**3 + 4*o**2 - 2*o + 3. Let g be t(-4). Suppose -2*j + j + 1 = 0. What is the highest common factor of j and g?
1
Let i = -1 + 6. Suppose -141 = -2*r + i*r. Let l = r - -87. Calculate the highest common factor of 16 and l.
8
Suppose -2*m + 5*m - 420 = 0. Let b = -77 + m. Calculate the highest common factor of b and 9.
9
Let p(a) = a + 4. Let s be p(14). What is the highest common divisor of s and 6?
6
Let y = 40 - 27. Calculate the greatest common factor of y and 26.
13
Suppose -h + 16 = 3*h. Suppose 3*z - h*u = -0*u + 18, 4*u = z - 14. What is the highest common factor of z and 18?
2
Let b = 2 + -12. Let m = b - -16. Calculate the highest common divisor of m and 4.
2
Let j be (-470)/(-50) - (-4)/(-10). What is the greatest common factor of j and 9?
9
Let q(n) = -11*n - 5. Let z be q(-5). Let h = 5 + 5. What is the greatest common divisor of h and z?
10
Let h be 1 + (-1 - -3) + -3. Let b(g) = -g**3 + g**2 + g + 10. Let t be b(h). What is the greatest common factor of 4 and t?
2
Let s(c